+ 14. Let y be g(30). Let p = 131 + y. What is the tens digit of p?
4
Let b be 186 - 1/(1/(-2)). Suppose 85 + 91 = 4*f. Suppose 2*z - f = b. What is the units digit of z?
6
Suppose 53*c - 80 = 45*c. Suppose 0*h = -5*x + h + 15, 4*x + 2*h = 26. What is the units digit of 30 + (x/c)/((-2)/(-10))?
2
Let h(m) = 5*m**2 - 12*m + 6. Let c(u) = 9*u**2 - 23*u + 10. Let g(j) = -6*c(j) + 11*h(j). What is the units digit of g(-7)?
3
Suppose 17*j = -5*v + 14*j + 3353, -v - j + 669 = 0. What is the tens digit of v?
7
Let w(u) = -8*u - 6. Let m be w(-7). Suppose 5*j - m + 187 = -2*c, -5*c = 3*j + 67. Let f = 78 + j. What is the tens digit of f?
4
What is the hundreds digit of (2334/4)/((-288)/(-192))?
3
Suppose 5*m = -0*m - 915. Let a = 229 - 231. What is the units digit of a/(-5) + m/(-15)*3?
7
Let p = -41 - -42. Let h(n) = 5*n + 68. Let k(b) = -b - 1. Let x(d) = p*h(d) + 3*k(d). What is the units digit of x(0)?
5
Let r = 9012 + -4858. What is the tens digit of r?
5
Let p(l) = 3 - 4*l + 3 - 2 + l**2 + 4. Let g be p(8). What is the tens digit of 9*(-12)/30*g/(-6)?
2
Let d = -151 + 419. Suppose 10*l - 49 = -3*l + 5*u, -5*u + 5 = 5*l. Suppose -376 = -l*o + 4*i, -4*i + 148 + d = 3*o. What is the hundreds digit of o?
1
Let z be 5 - (-17)/((-170)/60). What is the tens digit of 18 + -21 + 8 - (z - 891)?
9
Suppose 0 = -11*r + 21581 + 36158. What is the hundreds digit of r?
2
Let j be 12/4 + 9*-1957. What is the units digit of -15 + j/(-14) - (-1)/7?
3
Suppose -7*h - 27864 = -3*o - 11*h, -5*o + 4*h + 46376 = 0. What is the units digit of o?
0
Suppose 0 = 2*w - n - 21132 - 13273, 8*w = -5*n + 137647. What is the thousands digit of w?
7
Let n(g) be the third derivative of 13*g**4/6 + 47*g**3/3 - 23*g**2 + 2. What is the units digit of n(12)?
8
Let h(j) be the first derivative of 2*j**4/3 + 7*j**3/2 - 9*j**2/2 - 38. Let i(o) be the second derivative of h(o). What is the units digit of i(11)?
7
Suppose -8*r + 51 - 27 = 0. Suppose -2*j - 2*z + 90 = 0, -47 = 4*j + r*z - 227. What is the units digit of j?
5
Let z = -8629 + 16723. What is the thousands digit of z?
8
Let p = -71 + 73. Let i be (-6 - -5)/(p - 21/9). Suppose -i*k + l = -3*l - 472, k + 5*l - 132 = 0. What is the hundreds digit of k?
1
Let z = -23 - -45. Suppose a + 4*v = -v - z, -5 = v. Suppose 0 = -a*g + 10*g - 98. What is the units digit of g?
4
Suppose -5*g = 2*w - 21 - 122, 0 = 4*w - 4*g - 216. Suppose 4*u = d - w, 3*u - u - 78 = -2*d. Let m = 121 - d. What is the tens digit of m?
7
Let v(w) = w**3 - 11*w**2 - w + 14. Let i be v(11). Suppose -r + 5309 = 4*y, -i*y + 4*r + 2835 = -1161. What is the units digit of y?
8
Let h(r) = 49*r**2 + 13*r - 1. Let l(v) = 25*v**2 + 6*v - 1. Let i(g) = 3*h(g) - 7*l(g). Let a be i(3). Let t = -183 - a. What is the units digit of t?
4
Let w = 82 + -79. Suppose -2*o = f - 3*o + w, -f - 3*o = -13. What is the units digit of 15015/133 + f - (-2)/19?
4
Let w = -8748 + 36082. What is the hundreds digit of w?
3
Suppose 1113 = -102*j - 7353. Let n be 8*(214/8 - -1). Let r = n + j. What is the units digit of r?
9
Suppose 0 = -i - 4*t + 7812, 31170 = -664*i + 668*i + 3*t. What is the thousands digit of i?
7
Let w = 2123 - 1505. Let d = w + 638. What is the thousands digit of d?
1
Suppose 0 = 5*j + b - 313723, -5*j + 251441 = -b - 62286. What is the tens digit of j?
4
Let t = -77 + 85. What is the units digit of 1105/68 + -16 - (-7446)/t?
1
Let k(m) = -m**2 + 4*m. Let c be k(2). Suppose -c*y - 12 = 0, y + 5 + 10 = 2*w. Suppose l = w*l - 200. What is the units digit of l?
0
Suppose -791 = 6*j + 175. Let p = -104 + -7. Let u = p - j. What is the units digit of u?
0
Let k = -15 - -362. What is the units digit of k?
7
Let j(w) = 6*w - 14. Let f be j(5). Suppose -f*c + 4776 = 8*c. What is the units digit of c?
9
Let z(u) = 7*u**2 - 20*u + 32. Let t(j) = j**2 + 2*j + 1. Let h(m) = 6*t(m) - z(m). What is the tens digit of h(22)?
9
Suppose -5*q = -0*q - z - 200, -3*z - 160 = -4*q. Suppose -q*y + 23095 = -9*y. What is the units digit of y?
5
Let s(q) = -6*q - 16. Let j be s(-6). Suppose 14*f + 12 = j*f. Suppose -3*k - 2*x = -125, -f*x = -2*k - 0*x + 70. What is the tens digit of k?
3
Let x(m) = -9*m**3 - 185*m**2 + 49*m - 62. What is the units digit of x(-21)?
3
Suppose -796800 = -60*v - 23*v + 3*v. What is the thousands digit of v?
9
Let v(c) = -c. Let d(r) = -r**2 - 7*r - 13. Let b(u) = -d(u) - 3*v(u). Let o be b(-8). What is the units digit of (o + 4/2)/1*-101?
1
Suppose -2*u - 5*x - 4925 = -0*x, 0 = 3*u - 2*x + 7416. Let t = 3883 + u. What is the thousands digit of t?
1
Suppose 10*r = 18*r - 32. Let i(t) = -5*t**2 - t + 8*t**2 + 4 - t. What is the tens digit of i(r)?
4
Let k = -253 + 266. Suppose -k*b + 4170 = -10*b. What is the thousands digit of b?
1
Suppose -4*u = 2*x - 8, -u + 6*u - 25 = 5*x. Suppose -u*r = 2*r - 15. Suppose 4*w - 6*m + 7*m - 171 = 0, -r*w - m = -127. What is the units digit of w?
4
Let b(r) = 46*r**2 + 41*r + 108. What is the tens digit of b(-13)?
4
Let d(a) = -5*a + 10. Let h be d(1). Suppose 71 = 3*c + 4*k, 2*c + 6*k = 3*k + 47. Suppose c = -h*i, j + j - 3*i = 41. What is the units digit of j?
3
Let t = 90 + -157. Let j = -10 + t. Let i = j + 110. What is the tens digit of i?
3
Let i(k) = -7209*k**3 - 3*k**2 - 46*k - 92. What is the ten thousands digit of i(-2)?
5
Suppose -138*c = -157*c + 47481. What is the tens digit of c?
9
Let m be 4/6*(-324)/(-24). Suppose -12*o = -m*o - 318. What is the tens digit of o?
0
Let y(h) = 210*h**2 + 39*h - 208. What is the hundreds digit of y(10)?
1
Suppose -2*o + 16 = 3*d - 37, 5*d = -2*o + 91. Suppose -15*c = -d*c + 904. Let h = -127 + c. What is the tens digit of h?
9
Let u(r) = 140*r**2 + 66*r + 396. What is the thousands digit of u(-6)?
5
Suppose 3*d - y = 9415, 11*d + 0*y + 2*y - 34533 = 0. What is the tens digit of d?
3
Let l(q) = -110*q + 15. Let x = 168 + -171. What is the hundreds digit of l(x)?
3
Suppose 5*q = 789 - 26139. Let b be (q/(-20))/((-3)/(-4)). Suppose 6*a = -7*a + b. What is the units digit of a?
6
Suppose 4*y - 4*a - 32 = 0, -4*y = 2*a + 12 - 62. Let k be y/1 + (-5)/(-10)*-2. Suppose -5*i - 730 = -k*i. What is the units digit of i?
6
Suppose 41*y + 5*b + 10091 = 43*y, -5*b = 5*y - 25175. What is the thousands digit of y?
5
Let z = 2277 + -1625. Suppose -3*m - z = -2*a, -2*m + 2 = -6. What is the hundreds digit of a?
3
Let x be (-2*(-215)/(-2))/(-4 + 5). Let j = -99 - x. What is the tens digit of ((-3 - -3) + j)/2?
5
Let y(m) = 2*m**3 - 9*m**2 + 9*m + 1. Let s = 59 - 55. Let w(x) = -x + 9. Let a be w(s). What is the tens digit of y(a)?
7
Let f be ((-148)/111)/((-2)/57). Let t(r) = r + 130. What is the hundreds digit of t(f)?
1
Let p(n) = -1614*n - 2526. What is the units digit of p(-7)?
2
Let w be (-22 - (0 - 1))/(-1). Let l(m) = -m**3 + 21*m**2 + 18*m - 24. What is the units digit of l(w)?
4
Let l(j) = 45*j**2 - 422*j - 2. What is the thousands digit of l(-7)?
5
Suppose 4*s + 3*i = 18, 4*s - 4*i + 2 = 6. Let k(c) = -c**3 - 4*c**2 - c**2 + 0 - 6*c**2 - s*c + 10. What is the tens digit of k(-11)?
4
What is the units digit of -14 + (-16 - (-3907 + 23))?
4
Suppose -5*t - 3*z - 1693 = 0, -5*t - 3*z - 1694 = z. Let m = 40 - t. What is the tens digit of m?
7
Let g = -6261 - -11026. What is the units digit of g?
5
Let o(y) = 16*y**2 - 43*y - 6. Let g be o(-9). Let d = g - 1152. What is the hundreds digit of d?
5
Let y be 100/32 - 1/8. Suppose y*d + 2*c - 7*c = 455, 0 = -3*d - 4*c + 500. Suppose 4*k + 2*o = d + 334, -5 = -5*o. What is the units digit of k?
3
Let s = 4065 - 3560. What is the tens digit of s?
0
What is the tens digit of (42/(-18))/(8/(-2472))?
2
What is the ten thousands digit of (-700)/(-252)*(14117 + -11) - (-1)/(-3)?
3
Let j = -72 + 75. Let y(h) = 64*h - 16. Let c be y(j). What is the units digit of (-6 + c/20)/(2/10)?
4
Suppose -3*o = 3*h + 66, 3*o = -4*h - 13 - 79. Let s(q) = -q**2 - 102*q - 65. What is the hundreds digit of s(h)?
9
What is the hundreds digit of 537/(-895) + (-54223)/(-5)?
8
Let u(d) = d**3 - 21*d**2 + 21*d - 18. Let f be u(20). Suppose -v = 4*o - 437, 4*v - 844 = f*v - 2*o. What is the hundreds digit of v?
4
Let l(u) = -2*u**2 + 246*u + 699. What is the tens digit of l(70)?
1
What is the thousands digit of (-1251)/(-1)*22824/648?
4
Let r be (1 - 2)*0 + -11 + -39. Let k = r - -